ose -g - 1 = -5*i + 4*c, 2*i - c - 13 = 0. Suppose -598 = -i*n + 3*n. Is n a prime number?
False
Let k be (34/(-3))/((-46)/207). Let t = k - -168. Is t composite?
True
Is 6/5 + (-10103065)/(-175) composite?
True
Suppose -7*g + 64737 = 4*y - 12*g, 4*g - 48545 = -3*y. Is y prime?
True
Suppose -5*w - 15 = 35. Let i(m) = -m**3 - 11*m**2 - 10*m + 4. Let p be i(w). Suppose -z + 2*z = -4*n + 21, p*z + 3*n - 123 = 0. Is z a composite number?
True
Let t = -6244 - -10979. Is t composite?
True
Let d = 43 + -17. Suppose d*w = 29*w - 699. Is w a composite number?
False
Let t be 4/(-10) - (-4744)/(-40). Let z = t + 311. Suppose 3*r - 777 = z. Is r a composite number?
True
Let a = 3682 + -12404. Let k = 4048 + a. Is k/(-12) + (-1)/2 a composite number?
False
Let l(z) = z**3 + z**2 + 35. Let k be l(0). Let t be (-2)/(2 - (-236)/(-116)). Let b = t + k. Is b a composite number?
True
Let a be ((16 - 19) + (1 - -3))*3204. Let l = a + -1766. Is l a composite number?
True
Let u(q) = -48*q + 1. Let l be u(1). Let h = l - -300. Is h a prime number?
False
Let h be 2/(4 - 6) - 370/(-2). Let t = h - -7. Is t a prime number?
True
Suppose -5*d + 10 = 0, 12 = 2*u + 2*d - 20. Let z = 15 - u. Is z/(0 + 2/218) prime?
True
Let t(n) be the first derivative of -23*n**2 + 37*n - 10. Is t(-7) a composite number?
False
Suppose h - 2074 = 4*m + 29037, 5*h + 4*m = 155555. Is h composite?
True
Let q = 18 - 24. Suppose 7*r + 541 = 3*t + 2*r, 725 = 4*t - 3*r. Is q/(-9) - t/(-6) a prime number?
True
Let l = 2732 - 1595. Is l a prime number?
False
Let k be (-2379 + -6)/((-2)/2). Let b be (-2)/(-7) + k/7. Suppose -1994 = -5*p + b. Is p a composite number?
False
Suppose 5*h - 21 - 9 = 0. Let q(r) = r**2 - 7*r + 8. Let l be q(h). Suppose -5*c + 5*i = -1100, -l*i + 1 = -1. Is c a prime number?
False
Let q = -7 + 11. Suppose 6*b + 4875 = 2*f + 7*b, -3*f = b - 7310. Suppose -q*x + f = x. Is x a composite number?
False
Suppose -3*s - 5*j = -334, -s + 4*j + 0*j + 100 = 0. Suppose -8*o - s = -5*o. Let t = 241 + o. Is t a prime number?
False
Suppose -23*t + 18*t = -145. Let k = t + 264. Is k prime?
True
Let z(r) = 52*r - 7. Let t(h) = 201*h - 19. Let i(v) = -100*v + 9. Let m(p) = -7*i(p) - 4*t(p). Let j(o) = -4*m(o) - 7*z(o). Is j(8) a composite number?
True
Let g be ((-6)/(-9))/((-2)/15) - 4. Is -1*(g + 13)*3418/(-8) a prime number?
True
Suppose -624 = -0*v - 3*v. Is ((-988)/v)/(((-6)/(-8))/(-3)) composite?
False
Suppose 36*a - 34*a + 4370 = 0. Let u = a + 3378. Is u a prime number?
True
Suppose -137 = -4*f - 3*h, -6*f - 4*h = -5*f - 31. Is f a composite number?
True
Suppose 10*n = 16*n - 60. Is -72*486/(-60) - 2/n a prime number?
False
Suppose 10290 = o + 628. Is o a composite number?
True
Let v(i) = 11*i**2 - 12*i + 3. Is v(8) a prime number?
False
Let q(z) = -1 - 317*z + 317*z + 350*z**2. Is q(2) composite?
False
Let p(v) = -23379*v - 107. Is p(-2) a composite number?
True
Suppose -7*a - 13 = 6*a. Is a/2*(-396 - 2) composite?
False
Suppose -2387 = -5*f + 598. Is f a prime number?
False
Let k = -44 + 34. Let t(g) = 4 + g**3 - 5 + 12*g**2 + 4*g + 6*g - 5*g. Is t(k) a prime number?
True
Let i(x) = 138*x - 4. Let t be i(8). Suppose m - 5*m = -t. Suppose -5*l + 840 + m = 0. Is l a composite number?
False
Suppose -2*p = -p + 4. Let m be 0*-2*p/8. Suppose m = 2*x + x - 267. Is x a composite number?
False
Let i(w) be the third derivative of w**7/36 - 7*w**6/720 - 11*w**5/60 + 11*w**2. Let a(f) be the third derivative of i(f). Is a(3) a prime number?
False
Let z(q) = q + 27. Let m be z(-24). Suppose -m*n = -0*b + 4*b - 6025, -5*b - 3*n = -7532. Is b prime?
False
Let m(g) = 969*g**2 + 13*g - 1. Is m(2) a prime number?
False
Let s = 950 - 1852. Let n = -315 - s. Is n a composite number?
False
Let d(i) = 870*i - 2. Let x be d(7). Let v be (x/(-28) + 4)*-7. Suppose n - v = -5*n. Is n composite?
True
Let t(d) be the first derivative of 5*d**2/2 - 5*d + 1. Let c be t(2). Suppose -127 = -c*z + 4*z. Is z a prime number?
True
Is 1/(-1) - (-3210 + 8 + -2) prime?
True
Suppose -4*d + i + 15 = 0, -3*i + 0 = -d + 1. Let x be (d/10)/((-5)/175). Is (x/8)/(2/(-8)) composite?
False
Suppose 3*r - 13258 = -5*c + 2450, 3*r + c - 15720 = 0. Is r prime?
False
Suppose -2*o = -2*v + 40663 + 203, 7*v = 4*o + 143025. Is v composite?
False
Suppose -3*h - 3 = 0, 5*r - 11*h - 166052 = -14*h. Is r a composite number?
False
Let w be (0 - -1844)/((-2)/(-4)). Let g be (-3 + 2)/((-47355)/7893 + 6). Let k = g + w. Is k a prime number?
False
Suppose -90*d + 98*d - 17288 = 0. Is d prime?
True
Let v(y) be the first derivative of 3 + 37/2*y**2 + 0*y. Is v(5) composite?
True
Suppose 4*v + 2*b - 6*b - 32 = 0, -4*b = 2*v - 4. Suppose 18*j = v*j + 21324. Is j composite?
False
Suppose 4*o = 6*o - 2*t - 1012, -20 = 5*t. Is o a prime number?
False
Suppose 4*v - 671 = -5*t + 2588, -2*t + 2*v = -1318. Let h = t + -354. Is h prime?
False
Let s be 3/(-2) + 16/32. Is (-267 + (-6 - -4))/s a prime number?
True
Let y(t) = -12385*t**3 + 6*t**2 + 4*t - 2. Is y(-1) a prime number?
False
Let w(u) = -729*u - 359. Is w(-22) a composite number?
False
Let q(d) = 46*d**2 - 18*d - 18. Is q(-7) composite?
True
Suppose -2*o = 3*k + 3251, 2*k + 86 + 6396 = -4*o. Let x = 2396 + o. Is x a composite number?
True
Suppose -3*n - 2134 = -b, -5*b = 2*n - 4613 - 5989. Is b composite?
True
Suppose -5*k - 5*w + 24460 = 0, 5*k = -w + 15638 + 8810. Is k a composite number?
False
Suppose -1 = -3*y + 119. Suppose 0 = 5*m + 45 + y. Let k = 63 + m. Is k a prime number?
False
Let u(g) = 473*g + 45. Is u(8) a prime number?
False
Let j = -2400 + 3901. Is j prime?
False
Let x(d) be the first derivative of 23*d**2/2 - 4*d - 3. Suppose -7 = 4*c - 5*c. Is x(c) prime?
True
Suppose -4 + 0 = -2*v. Suppose 4*d = -4*z + 876, -v*d - 231 = -z - 0*d. Is z composite?
False
Suppose f + 10 = 4*w - 3, -3*f = -2*w + 9. Is (f - -1599)/(4 + (-2 - 0)) a prime number?
False
Suppose -9*b + 11*b - 2594 = 0. Suppose b = 5*k - 3*n, -4*n - 8 = -2*n. Is k composite?
False
Let q(p) = -p**3 + 24*p**2 - 3*p - 23. Is q(22) a composite number?
True
Let x(c) = -42*c**3 - 2*c**2 - 2*c - 11. Let g be x(-5). Suppose -4*y = 3*t - 6*y - g, -4*y = -3*t + 5205. Is t a prime number?
False
Let g(q) = 126*q**2 - 23*q + 57. Is g(16) prime?
False
Is 85 + (0 - 14) + 6 a prime number?
False
Suppose 4*p + 5*h - 94099 = 0, -70548 = -3*p + 15*h - 10*h. Is p a composite number?
True
Let d(i) = -i**3 + 5*i**2 + 2*i - 6. Let z(n) = -n + 8. Let b be z(3). Let v be d(b). Suppose 5*w - 180 = -v*x - x, -2*w + 54 = -4*x. Is w prime?
False
Suppose 1404215 + 72356 = 73*j. Is j a composite number?
True
Let v(r) = r**3 + 7*r**2 + 5*r + 14. Suppose -4*d = -u - 23, 5*u + 7*d = 3*d - 19. Let z be v(u). Is (-2 - 1)*1561/z composite?
False
Let l = -4139 - -9996. Is l a prime number?
True
Let p = 25938 - 10357. Is p composite?
False
Let z = -59 + 31. Let l be 160/(-14) - 12/z. Let c = 152 - l. Is c a composite number?
False
Suppose -12*c - 20 = -2*c. Is (17773/(-21) + (-2)/12)*c prime?
True
Let m(i) = -i**3 + i + 5. Let g be m(0). Suppose 509 = 4*b - 4*q - 507, -4*q = g*b - 1315. Is b composite?
True
Suppose -3*a + 5*l = -2 + 1, 4*l + 4 = 4*a. Suppose 0 = a*d - 31 + 1. Is d prime?
False
Let g(c) = -2*c**3 - 3*c**2 + 2*c + 17. Let p(j) = -j**3 - j**2 + j + 9. Let h(d) = 4*g(d) - 7*p(d). Let m be h(-6). Suppose o - m = 464. Is o prime?
True
Suppose -19 = -5*s - 2*x, 4*s - 8 - 10 = -3*x. Let v(c) = -10*c + 3. Let o(y) = -9*y + 3. Let r(f) = -6*o(f) + 5*v(f). Is r(s) a prime number?
False
Let s(l) = 45*l + 175. Is s(26) composite?
True
Suppose -966 = 4*v - 98338. Is v a prime number?
False
Suppose 0 = 9*t - 13*t + 4*w + 1188, 0 = -2*t + 4*w + 592. Is t a composite number?
True
Let f = -37 + 54. Let z = f + -17. Suppose 0 = g - z*g - 329. Is g composite?
True
Is (-71425)/(-45)*(-6)/(-10)*3 composite?
False
Let b be 12/3 - ((-4)/2 + 2). Suppose -971 = -b*t + 2849. Is t composite?
True
Suppose 7*p - 13*p = -54. Is 2432 - p*1/3 a composite number?
True
Suppose -4*f + 13239 = 5*j, j - 7*f - 2663 = -4*f. Is j a composite number?
True
Suppose -10 = -4*f - 3*i, 4*f = 9*f + i - 18. Suppose f*r + h - 668 = 0, -316 = 2*r - 4*r + 4*h. Is r a prime number?
False
Let t = 6 - 6. Suppose t*r + r = 2. Suppose -5*f + 845 = 5*w - 190, -r*f = -2*w - 430. Is f a prime number